{"id":8818,"date":"2020-09-24T07:13:33","date_gmt":"2020-09-24T05:13:33","guid":{"rendered":"https:\/\/polon.nauka.gov.pl\/pomoc\/?page_id=8818"},"modified":"2026-03-30T08:29:17","modified_gmt":"2026-03-30T06:29:17","slug":"deklaracja-dostepnosci","status":"publish","type":"page","link":"https:\/\/polon.nauka.gov.pl\/pomoc\/deklaracja-dostepnosci\/","title":{"rendered":"Deklaracja dost\u0119pno\u015bci serwisu POL-on"},"content":{"rendered":"\n<section id=\"a11y-wstep\">\n  <p>\n    <span id=\"a11y-podmiot\">Ministerstwo Nauki i Szkolnictwa Wy\u017cszego<\/span>\n    zobowi\u0105zuje si\u0119 zapewni\u0107 dost\u0119pno\u015b\u0107 swojej\n    <span id=\"a11y-zakres\">strony internetowej<\/span> zgodnie z ustaw\u0105 z dnia 4\n    kwietnia 2019 r. o dost\u0119pno\u015bci cyfrowej stron internetowych i aplikacji\n    mobilnych podmiot\u00f3w publicznych.\n  <\/p>\n  <p>\n    Deklaracja dost\u0119pno\u015bci dotyczy strony\n    <a href=\"https:\/\/polon.nauka.gov.pl\/pomoc\/\" id=\"a11y-url\">https:\/\/polon.nauka.gov.pl\/pomoc\/<\/a>.\n  <\/p>\n<\/section>\n<ul>\n  <li>\n    Data publikacji strony internetowej:<time\n      id=\"a11y-data-publikacja\"\n      datetime=\"2018-07-15\"\n    >\n      15 lipca 2018 r.<\/time\n    >\n  <\/li>\n  <li>\n    Data ostatniej istotnej aktualizacji:<time\n      id=\"a11y-data-aktualizacja\"\n      datetime=\"2020-08-25\"\n    >\n      25 sierpnia 2020 r.<\/time\n    >\n  <\/li>\n<\/ul>\n<h2>Stan dost\u0119pno\u015bci cyfrowej<\/h2>\n<p id=\"a11y-status\">\n  Ta strona internetowa jest cz\u0119\u015bciowo zgodna z za\u0142\u0105cznikiem do ustawy o\n  dost\u0119pno\u015bci cyfrowej z dnia 4 kwietnia 2019 r. o dost\u0119pno\u015bci cyfrowej stron\n  internetowych i aplikacji mobilnych podmiot\u00f3w publicznych z powodu\n  niezgodno\u015bci wymienionych poni\u017cej.\n<\/p>\n<h2>Niedost\u0119pne tre\u015bci<\/h2>\n<h3>Niezgodno\u015b\u0107 z za\u0142\u0105cznikiem<\/h3>\n<section>\n  <ul>\n    <li>niekt\u00f3re elementy (np. odno\u015bniki) maj\u0105 nieodpowiedni kontrast,<\/li>\n    <li>\n      niekt\u00f3re elementy nawigacyjne nie maj\u0105 widocznego oznaczenia, gdy s\u0105\n      aktywne (fokus),\n    <\/li>\n    <li>niekt\u00f3re elementy graficzne nie maj\u0105 alternatywnego tekstu,<\/li>\n    <li>niekt\u00f3re pola formularzy nie maj\u0105 etykiet,<\/li>\n    <li>\n      niekt\u00f3re elementy nie informuj\u0105 o zmianie kontekstu (przej\u015bcie do innej\n      domeny),\n    <\/li>\n    <li>\n      tytu\u0142y stron nie maj\u0105 poprawnej struktury \u2013 nie s\u0105 unikalne w ramach\n      serwisu lub nie s\u0105 zgodne z wy\u015bwietlan\u0105 zawarto\u015bci\u0105,\n    <\/li>\n    <li>\n      brakuje linku przejd\u017a do tre\u015bci oraz link\u00f3w pozwalaj\u0105cych na omijanie\n      blok\u00f3w,\n    <\/li>\n  <\/ul>\n<\/section>\n<h3>Przygotowanie deklaracji dost\u0119pno\u015bci i jej aktualizacja<\/h3>\n<ul>\n  <li>\n    Data sporz\u0105dzenia deklaracji:\n    <time id=\"a11y-data-sporzadzenie\" datetime=\"2020-03-01\">\n      1 marca 2020 r.<\/time\n    >\n  <\/li>\n  <li>\n    Data ostatniego przegl\u0105du deklaracji:\n    <time id=\"a11y-data-przeglad\" datetime=\"2026-03-27\">27 marca 2026 r.<\/time>\n  <\/li>\n<\/ul>\n\n<p>\n  Deklaracj\u0119 sporz\u0105dzili\u015bmy na podstawie samooceny. Metoda wykorzystana w\n  samoocenie to: Lista kontrolna do badania dost\u0119pno\u015bci cyfrowej strony\n  internetowej &#8211; wersja 2.2.\n  <a\n    href=\"https:\/\/polon.nauka.gov.pl\/pomoc\/wp-content\/uploads\/2025\/02\/polon_raport_z_samooceny.pdf\"\n    >Pobierz raport z samooceny<\/a\n  >.\n<\/p>\n<h2>Informacje zwrotne i dane kontaktowe<\/h2>\n<p>\n  Wszystkie problemy z dost\u0119pno\u015bci\u0105 cyfrow\u0105 tej strony internetowej mo\u017cesz\n  zg\u0142osi\u0107 do <span id=\"a11y-kontakt\">Rafa\u0142 Jendrzejewski<\/span> \u2014 e-mailowo\n  <a id=\"a11y-email\" href=\"mailto:dostepnosc@opi.org.pl\"\n    >dostepnosc@opi.org.pl<\/a\n  >\n  lub telefonicznie <a href=\"48512014561\" id=\"a11y-telefon\">512 014 561<\/a>.\n<\/p>\n<p>\n  Ka\u017cdy ma prawo wyst\u0105pi\u0107 z \u017c\u0105daniem zapewnienia dost\u0119pno\u015bci cyfrowej tej strony\n  internetowej lub jej element\u00f3w.\n<\/p>\n<p>Zg\u0142aszaj\u0105c takie \u017c\u0105danie podaj:<\/p>\n<ul>\n  <li>swoje imi\u0119 i nazwisko,<\/li>\n  <li>swoje dane kontaktowe (np. numer telefonu, e-mail),<\/li>\n  <li>\n    dok\u0142adny adres strony internetowej, na kt\u00f3rej jest niedost\u0119pny cyfrowo\n    element lub tre\u015b\u0107,\n  <\/li>\n  <li>\n    opis na czym polega problem i jaki spos\u00f3b jego rozwi\u0105zania by\u0142by dla Ciebie\n    najwygodniejszy.\n  <\/li>\n<\/ul>\n<p>\n  Na Twoje zg\u0142oszenie odpowiemy najszybciej jak to mo\u017cliwe, nie p\u00f3\u017aniej ni\u017c w\n  ci\u0105gu 7 dni od jego otrzymania.\n<\/p>\n<p>\n  Je\u017celi ten termin b\u0119dzie dla nas zbyt kr\u00f3tki poinformujemy Ci\u0119 o tym. W tej\n  informacji podamy nowy termin, do kt\u00f3rego poprawimy zg\u0142oszone przez Ciebie\n  b\u0142\u0119dy lub przygotujemy informacje w alternatywny spos\u00f3b. Ten nowy termin nie\n  b\u0119dzie d\u0142u\u017cszy ni\u017c 2 miesi\u0105ce.\n<\/p>\n<p>\n  Je\u017celi nie b\u0119dziemy w stanie zapewni\u0107 dost\u0119pno\u015bci cyfrowej strony internetowej\n  lub tre\u015bci, wskazanej w Twoim \u017c\u0105daniu, zaproponujemy Ci dost\u0119p do nich w\n  alternatywny spos\u00f3b.\n<\/p>\n<section id=\"a11y-procedura\">\n  <h3>Obs\u0142uga wniosk\u00f3w i skarg zwi\u0105zanych z dost\u0119pno\u015bci\u0105<\/h3>\n  <p>\n    Je\u017celi w odpowiedzi na Tw\u00f3j wniosek o zapewnienie dost\u0119pno\u015bci cyfrowej,\n    odm\u00f3wimy zapewnienia \u017c\u0105danej przez Ciebie dost\u0119pno\u015bci cyfrowej, a Ty nie\n    zgadzasz si\u0119 z t\u0105 odmow\u0105, masz prawo z\u0142o\u017cy\u0107 skarg\u0119.\n  <\/p>\n  <p>\n    Skarg\u0119 masz prawo z\u0142o\u017cy\u0107 tak\u017ce, je\u015bli nie zgadzasz si\u0119 na skorzystanie z\n    alternatywnego sposobu dost\u0119pu, kt\u00f3ry zaproponowali\u015bmy Ci w odpowiedzi na\n    Tw\u00f3j wniosek o zapewnienie dost\u0119pno\u015bci cyfrowej.\n  <\/p>\n  <p>Ewentualn\u0105 skarg\u0119 z\u0142\u00f3\u017c listownie lub e-mailem do:<\/p>\n  <ul>\n    <li>Rafa\u0142 Jendrzejewski,<\/li>\n    <li>al. Niepodleg\u0142o\u015bci 188B, 00-608 Warszawa,<\/li>\n    <li>\n      e-mail: <a href=\"mailto:dostepnosc@opi.org.pl\"> dostepnosc@opi.org.pl<\/a>.\n    <\/li>\n  <\/ul>\n  <p>\n    <a\n      href=\"https:\/\/www.gov.pl\/web\/gov\/zloz-wniosek-o-zapewnienie-dostepnosci-cyfrowej-strony-internetowej-lub-aplikacji-mobilnej\"\n      >Pomocne mog\u0105 by\u0107 informacje, kt\u00f3re mo\u017cna znale\u017a\u0107 na rz\u0105dowym portalu\n      gov.pl<\/a\n    >.\n  <\/p>\n  <p>\n    Mo\u017cesz tak\u017ce poinformowa\u0107 o tej sytuacji\n    <a href=\"https:\/\/bip.brpo.gov.pl\/\"> Rzecznika Praw Obywatelskich<\/a> i\n    poprosi\u0107 o interwencj\u0119 w Twojej sprawie.\n  <\/p>\n<\/section>\n<h2>Pozosta\u0142e informacje<\/h2>\n<section id=\"a11y-architektura\">\n  <h3>Dost\u0119pno\u015b\u0107 architektoniczna<\/h3>\n  <div>\n    <p>\n      Budynek znajduje si\u0119 w \u015bcis\u0142ym centrum Warszawy, w dzielnicy \u015ar\u00f3dmie\u015bcie,\n      otoczony ulicami: Wsp\u00f3ln\u0105, Krucz\u0105, Ho\u017c\u0105 oraz Placem Trzech Krzy\u017cy. Do\n      Ministerstwa mo\u017cna dojecha\u0107 samodzielnie lub \u015brodkami komunikacji\n      publicznej: metrem lini\u0105 M1 (przystanek Centrum), tramwajem (przystanek\n      Krucza 05 i 06 oraz Ho\u017ca 03 i 04) lub autobusem (przystanki: Pl. Trzech\n      Krzy\u017cy 03 i 52, Krucza 01 i 02 lub Wsp\u00f3lna 01 i 02).\n    <\/p>\n    <p>\n      Do budynku prowadz\u0105 3 wej\u015bcia. Wej\u015bcie g\u0142\u00f3wne do budynku od ul. Ho\u017cej 20 i\n      dwa wej\u015bcia do budynku od ul. Wsp\u00f3lnej. Dla go\u015bci przeznaczone jest\n      wej\u015bcie g\u0142\u00f3wne. Wej\u015bcie dostosowane jest do korzystania przez osoby\n      niepe\u0142nosprawne poruszaj\u0105ce si\u0119 na w\u00f3zkach inwalidzkich.\n    <\/p>\n    <p>\n      Recepcja znajduje si\u0119 w holu naprzeciw wej\u015bcia g\u0142\u00f3wnego do budynku. W celu\n      umo\u017cliwienia osobie nies\u0142ysz\u0105cej wyposa\u017conej w aparat s\u0142uchowy odbi\u00f3r\n      d\u017awi\u0119ku poprzez cewk\u0119 (T) recepcja zosta\u0142a wyposa\u017cona w p\u0119tl\u0119 indukcyjn\u0105.\n      Recepcja znajduje si\u0119 na wprost drzwi wej\u015bciowych i posiada stanowisko\n      umo\u017cliwiaj\u0105ce wygodn\u0105 obs\u0142ug\u0119 os\u00f3b na w\u00f3zkach. Po lewej stronie od wej\u015bcia\n      znajduje si\u0119 szatnia, po prawej poczekalnia dla go\u015bci i os\u00f3b oczekuj\u0105cych,\n      wyposa\u017cona w dystrybutor wody.\n    <\/p>\n    <p>\n      W holu, nad stanowiskiem recepcyjnym, znajduj\u0105 si\u0119 elektroniczne tablice\n      informacyjne, wy\u015bwietlaj\u0105ce dane w spos\u00f3b kontrastowy, na wysoko\u015bci\n      umo\u017cliwiaj\u0105cej odczyt przez osoby niepe\u0142nosprawne poruszaj\u0105ce si\u0119 na\n      w\u00f3zkach inwalidzkich lub osoby niskiego wzrostu. Dalsze przej\u015bcie do\n      budynku zabezpieczone jest bramkami, przez kt\u00f3re mo\u017ce przejecha\u0107 osoba\n      niepe\u0142nosprawna poruszaj\u0105ca si\u0119 na w\u00f3zku inwalidzkim. Go\u015bcie i interesanci\n      poruszaj\u0105 si\u0119 po budynku w asy\u015bcie ochrony lub pracownika\n      departamentu\/biura merytorycznego w sprawie.\n    <\/p>\n    <p>\n      W budynku znajduj\u0105 si\u0119 4 windy, przystosowane dla os\u00f3b z\n      niepe\u0142nosprawno\u015bci\u0105, poruszaj\u0105cych si\u0119 na w\u00f3zkach i niewidomych \u2013 klawisze\n      pi\u0119ter pod\u015bwietlane s\u0105 kolorami kontrastowymi i s\u0105 oznaczone pismem\n      punktowym dla os\u00f3b niewidomych (alfabetem Braille\u2019a). Kabiny nadaj\u0105\n      komunikaty g\u0142osowe, informuj\u0105ce o po\u0142o\u017ceniu windy oraz otwieraniu i\n      zamykaniu drzwi oraz s\u0105 wyposa\u017cone krzese\u0142ka chowane w \u015bcianie. Dla os\u00f3b\n      niepe\u0142nosprawnych poruszaj\u0105cych si\u0119 na w\u00f3zkach inwalidzkich jest\n      zapewniony dost\u0119p do wszystkich korytarzy i pomieszcze\u0144 na wszystkich\n      kondygnacjach budynku, tj. na parterze i na pi\u0119trach I \u2013 V. Progi w\n      przej\u015bciu z korytarza do pomieszcze\u0144 biurowych s\u0105 wyr\u00f3wnane z poziomem\n      pod\u0142ogi. W wyj\u0105tkowych przypadkach wysoko\u015b\u0107 progu jest zgodna z\n      obowi\u0105zuj\u0105cymi przepisami i nie przekracza 2 cm. Progi s\u0105 wyr\u00f3\u017cnione\n      kolorystycznie.\n    <\/p>\n    <p>\n      W budynku znajduj\u0105 si\u0119 dwa ci\u0105gi komunikacyjne pionowe (schody) po prawej\n      i lewej stronie budynku. Stopnie (pierwszy i ostatni) schod\u00f3w oznaczone s\u0105\n      pasami ostrzegawczymi koloru \u017c\u00f3\u0142tego. Por\u0119cze schod\u00f3w oznaczone s\u0105 pismem\n      punktowym dla os\u00f3b niewidomych (alfabetem Braille\u2019a), informuj\u0105cym osoby\n      niewidome, poruszaj\u0105ce si\u0119 w nieznanym otoczeniu, dok\u0105d prowadz\u0105 schody.\n      Por\u0119cz \u015brodkowa o biegu ci\u0105g\u0142ym pe\u0142ni rol\u0119 drogi ewakuacyjnej dla os\u00f3b\n      niewidomych, natomiast por\u0119cz zewn\u0119trzna o biegu nieci\u0105g\u0142ym pe\u0142ni dla tych\n      os\u00f3b rol\u0119 drogi komunikacyjnej.\n    <\/p>\n    <p>\n      Toaleta dla os\u00f3b z niepe\u0142nosprawno\u015bci\u0105 znajduje si\u0119 na parterze w skrzydle\n      po prawej stronie budynku (strona wschodnia budynku). Zainstalowano w niej\n      przycisk alarmowy umo\u017cliwiaj\u0105cy wezwanie pomocy oraz nasadk\u0119 toaletow\u0105 z\n      pod\u0142okietnikami umo\u017cliwiaj\u0105c\u0105 korzystanie z WC.\n    <\/p>\n    <p>\n      Przy wje\u017adzie na parking przed szlabanem, po lewej stronie, znajduje si\u0119\n      megafon z przyciskiem wzywaj\u0105cym dla os\u00f3b z niepe\u0142nosprawno\u015bci\u0105.\n    <\/p>\n    <p>\n      Przed budynkiem, na parkingu Ministerstwa, wyznaczono i oznakowano 1\n      miejsce parkingowe dla os\u00f3b z niepe\u0142nosprawno\u015bci\u0105. W okolicy wjazdu na\n      parking Ministerstwa (przed szlabanem, na ul. Ho\u017cej) dost\u0119pne s\u0105 r\u00f3wnie\u017c\n      oznaczone znakiem pionowym dwa og\u00f3lnodost\u0119pne miejsca parkingowe dla os\u00f3b\n      z niepe\u0142nosprawno\u015bci\u0105. Miejsce postojowe na parkingu Ministerstwa jest\n      zintegrowane z ci\u0105giem komunikacyjnym (chodnik). Chodnik przy wej\u015bciu\n      g\u0142\u00f3wnym do budynku jest obni\u017cony do poziomu gruntu i przystosowany dla\n      os\u00f3b z niepe\u0142nosprawno\u015bci\u0105. Kraw\u0119\u017cnik chodnika jest wyr\u00f3\u017cniony\n      kolorystycznie. Ruchem na parkingu Ministerstwa zarz\u0105dza pracownik\n      ochrony, kt\u00f3ry &#8211; na \u017c\u0105danie &#8211; udziela pomocy w zakresie korzystania z\n      miejsca parkingowego i dost\u0119pu do budynku.\n    <\/p>\n    <p>\n      Do budynku i wszystkich jego pomieszcze\u0144 mo\u017cna wej\u015b\u0107 z psem przewodnikiem\n      osoby niewidomej lub niedowidz\u0105cej oraz psem asystentem osoby\n      niepe\u0142nosprawnej ruchowo. Budynek nie jest oznaczony piktogramem\n      informuj\u0105cym o tej mo\u017cliwo\u015bci.\n    <\/p>\n    <p>\n      W budynku znajduj\u0105 oznaczenia w druku powi\u0119kszonym dla os\u00f3b s\u0142abowidz\u0105cych\n      (droga do wyj\u015bcia g\u0142\u00f3wnego z budynku \u2013 na parterze). Na pi\u0105tym pi\u0119trze\n      znajduj\u0105 si\u0119 dwa fotele do ewakuacji os\u00f3b z niepe\u0142nosprawno\u015bciami oraz\n      nieprzytomnych.\n    <\/p>\n    <p>\n      Budynek wyposa\u017cono w system ostrzegania po\u017carowego DSO (D\u017awi\u0119kowy System\n      Ostrzegania). Procedury ewakuacyjne uwzgl\u0119dniaj\u0105 pomoc osobom ze\n      szczeg\u00f3lnymi potrzebami.\n    <\/p>\n  <\/div>\n<\/section>\n<section id=\"a11y-komunikacja\">\n  <h3>Dost\u0119pno\u015b\u0107 komunikacyjno-informacyjna<\/h3>\n  <div>\n    <p>\n      Zgodnie z przepisami ustawy z dnia 19 sierpnia 2011 r. o j\u0119zyku migowym i\n      innych \u015brodkach komunikowania si\u0119 Ministerstwo Nauki i Szkolnictwa\n      Wy\u017cszego udost\u0119pnia osobom do\u015bwiadczaj\u0105cym trwale lub okresowo trudno\u015bci w\n      komunikowaniu si\u0119 nast\u0119puj\u0105ce formy kontaktu z urz\u0119dem:\n    <\/p>\n    <p>Fax: (22) 52 92 792<\/p>\n    <p>E-mail: <a href=\"mailto:pomoc@mnisw.gov.pl\">pomoc@mnisw.gov.pl<\/a><\/p>\n    <p>\n      Od dnia 4 marca 2024 zapewniamy dost\u0119p do t\u0142umacza polskiego j\u0119zyka\n      migowego (PJM) online poprzez po\u0142\u0105czenie z us\u0142ug\u0105 T\u0142umacz Migam.\n    <\/p>\n    <p>\n      <a href=\"https:\/\/tlumacz.migam.org\/phhKrNf2ZSJKl423EbvT\"\n        >Link do us\u0142ugi T\u0142umacz Migam<\/a\n      >\n    <\/p>\n    <p>\n      Link do po\u0142\u0105czenia znajduje si\u0119 w prawym g\u00f3rnym rogu strony internetowej.\n    <\/p>\n    <p>Us\u0142uga dzia\u0142a od poniedzia\u0142ku do pi\u0105tku od godziny 8:00 do 16:00.<\/p>\n    <p>\n      Dost\u0119p obejmuje komunikacj\u0119 zdaln\u0105 poprzez dedykowan\u0105 podstron\u0119\n      internetow\u0105 w domenie www.tlumacz.migam.org i jest finansowany przez\n      Ministerstwo Cyfryzacji.\n    <\/p>\n    <p>\n      T\u0142umacz po nawi\u0105zaniu po\u0142\u0105czenia wideo przez stron\u0119 internetow\u0105 wykona\n      po\u0142\u0105czenie telefoniczne w imieniu osoby nies\u0142ysz\u0105cej.\n    <\/p>\n    <p>\n      Us\u0142uga dzia\u0142a wprost z przegl\u0105darek internetowych bez konieczno\u015bci\n      instalacji dodatkowego oprogramowania.\n    <\/p>\n    <p>\n      Us\u0142uga ta jest dost\u0119pna od poniedzia\u0142ku do pi\u0105tku w godzinach pracy urz\u0119du\n      8:00 &#8211; 16:00.\n    <\/p>\n    <p>\n      W siedzibie Ministerstwa zapewniamy dost\u0119p do us\u0142ug t\u0142umacza PJM, SJM i\n      SKOGN. Ch\u0119\u0107 skorzystania z takiej us\u0142ugi nale\u017cy zg\u0142osi\u0107 co najmniej na 3\n      dni robocze przed planowanym spotkaniem w urz\u0119dzie.\n    <\/p>\n    <p>\n      Ministerstwo udost\u0119pnia dokumenty niezb\u0119dne do za\u0142atwienia sprawy, w\n      formie dost\u0119pnej dla os\u00f3b uprawnionych, na ich wniosek. Osoba uprawniona\n      ma r\u00f3wnie\u017c prawo do skorzystania z pomocy osoby przybranej (trzeciej) w\n      kontaktach z urz\u0119dem.\n    <\/p>\n  <\/div>\n<\/section>\n","protected":false},"excerpt":{"rendered":"<p>Ministerstwo Nauki i Szkolnictwa Wy\u017cszego zobowi\u0105zuje si\u0119 zapewni\u0107 dost\u0119pno\u015b\u0107 swojej strony internetowej zgodnie z ustaw\u0105 z dnia 4 kwietnia 2019 r. o dost\u0119pno\u015bci cyfrowej stron internetowych i aplikacji mobilnych podmiot\u00f3w publicznych. Deklaracja dost\u0119pno\u015bci dotyczy strony https:\/\/polon.nauka.gov.pl\/pomoc\/. Data publikacji strony internetowej: 15 lipca 2018 r. Data ostatniej istotnej aktualizacji: 25 sierpnia 2020 r. Stan dost\u0119pno\u015bci cyfrowej [&hellip;]<\/p>\n","protected":false},"author":28,"featured_media":0,"parent":0,"menu_order":0,"comment_status":"closed","ping_status":"closed","template":"","meta":{"footnotes":""},"class_list":["post-8818","page","type-page","status-publish","hentry","post-item"],"_links":{"self":[{"href":"https:\/\/polon.nauka.gov.pl\/pomoc\/wp-json\/wp\/v2\/pages\/8818","targetHints":{"allow":["GET"]}}],"collection":[{"href":"https:\/\/polon.nauka.gov.pl\/pomoc\/wp-json\/wp\/v2\/pages"}],"about":[{"href":"https:\/\/polon.nauka.gov.pl\/pomoc\/wp-json\/wp\/v2\/types\/page"}],"author":[{"embeddable":true,"href":"https:\/\/polon.nauka.gov.pl\/pomoc\/wp-json\/wp\/v2\/users\/28"}],"replies":[{"embeddable":true,"href":"https:\/\/polon.nauka.gov.pl\/pomoc\/wp-json\/wp\/v2\/comments?post=8818"}],"version-history":[{"count":31,"href":"https:\/\/polon.nauka.gov.pl\/pomoc\/wp-json\/wp\/v2\/pages\/8818\/revisions"}],"predecessor-version":[{"id":23401,"href":"https:\/\/polon.nauka.gov.pl\/pomoc\/wp-json\/wp\/v2\/pages\/8818\/revisions\/23401"}],"wp:attachment":[{"href":"https:\/\/polon.nauka.gov.pl\/pomoc\/wp-json\/wp\/v2\/media?parent=8818"}],"curies":[{"name":"wp","href":"https:\/\/api.w.org\/{rel}","templated":true}]}}