{"id":9788,"date":"2020-12-30T06:32:04","date_gmt":"2020-12-30T05:32:04","guid":{"rendered":"https:\/\/polon.nauka.gov.pl\/pomoc\/?post_type=lsvr_lore_faq&#038;p=9788"},"modified":"2024-01-24T12:45:02","modified_gmt":"2024-01-24T11:45:02","slug":"jak-liczyc-godziny-prowadzone-przez-nauczycieli-dla-ktorych-uczelnia-jest-podstawowym-miejscem-pracy-dla-kierunkow-ktore-nie-mialy-skutecznego-naboru-2018-2019-i-lub-2019-2020-np-kierunek-bedzie-w","status":"publish","type":"lsvr_lore_faq","link":"https:\/\/polon.nauka.gov.pl\/pomoc\/faq\/jak-liczyc-godziny-prowadzone-przez-nauczycieli-dla-ktorych-uczelnia-jest-podstawowym-miejscem-pracy-dla-kierunkow-ktore-nie-mialy-skutecznego-naboru-2018-2019-i-lub-2019-2020-np-kierunek-bedzie-w\/","title":{"rendered":"Jak liczy\u0107 godziny prowadzone przez nauczycieli, dla kt\u00f3rych uczelnia jest podstawowym miejscem pracy dla kierunk\u00f3w, kt\u00f3re nie mia\u0142y skutecznego naboru 2018\/2019 i\/lub 2019\/2020 (np. kierunek b\u0119dzie wygaszany, likwidowany) i studenci s\u0105 tylko na wy\u017cszych semestrach?"},"content":{"rendered":"<p>Wed\u0142ug stanowiska ministerstwa w sytuacji tzw. &#8222;luki w cyklu kszta\u0142cenia&#8221; w zakresie liczby godzin zaj\u0119\u0107 w ramach danego kierunku studi\u00f3w realizowanych przez nauczycieli akademickich zatrudnionych w podstawowym miejscu pracy nale\u017cy wskaza\u0107 liczb\u0119 godzin faktycznie planowanych w danym roku akademicki (czyli np. z 1-go i 3-go roku studi\u00f3w, a bez 2-go roku, w trakcie kt\u00f3rego nie uda\u0142a si\u0119 rekrutacja). Ewentualna analiza spe\u0142niania wymogu dot. 50% i 75% godzin zaj\u0119\u0107 na tych kierunkach b\u0119dzie realizowana indywidualnie.<\/p>\n","protected":false},"excerpt":{"rendered":"<p>Wed\u0142ug stanowiska ministerstwa w sytuacji tzw. &#8222;luki w cyklu kszta\u0142cenia&#8221; w zakresie liczby godzin zaj\u0119\u0107 w ramach danego kierunku studi\u00f3w realizowanych przez nauczycieli akademickich zatrudnionych w podstawowym miejscu pracy nale\u017cy wskaza\u0107 liczb\u0119 godzin faktycznie planowanych w danym roku akademicki (czyli np. z 1-go i 3-go roku studi\u00f3w, a bez 2-go roku, w trakcie kt\u00f3rego nie [&hellip;]<\/p>\n","protected":false},"author":40,"template":"","meta":{"footnotes":""},"class_list":["post-9788","lsvr_lore_faq","type-lsvr_lore_faq","status-publish","hentry","lsvr_lore_faq_cat-kierunki","lsvr_lore_faq_tag-brak-naboru","lsvr_lore_faq_tag-kierunki","lsvr_lore_faq_tag-luka-w-ksztalceniu","lsvr_lore_faq_tag-laczna-liczba","lsvr_lore_faq_tag-nauczyciel-akademicki","lsvr_lore_faq_tag-podstawowe-miejsce-pracy","post-item"],"categories":"Kierunki studi\u00f3w","tags":"brak naboru, kierunki, luka w kszta\u0142ceniu, \u0142\u0105czna liczba godzin, nauczyciel akademicki, podstawowe miejsce pracy","date_content_updated":"","_links":{"self":[{"href":"https:\/\/polon.nauka.gov.pl\/pomoc\/wp-json\/wp\/v2\/lsvr_lore_faq\/9788","targetHints":{"allow":["GET"]}}],"collection":[{"href":"https:\/\/polon.nauka.gov.pl\/pomoc\/wp-json\/wp\/v2\/lsvr_lore_faq"}],"about":[{"href":"https:\/\/polon.nauka.gov.pl\/pomoc\/wp-json\/wp\/v2\/types\/lsvr_lore_faq"}],"author":[{"embeddable":true,"href":"https:\/\/polon.nauka.gov.pl\/pomoc\/wp-json\/wp\/v2\/users\/40"}],"version-history":[{"count":3,"href":"https:\/\/polon.nauka.gov.pl\/pomoc\/wp-json\/wp\/v2\/lsvr_lore_faq\/9788\/revisions"}],"predecessor-version":[{"id":17746,"href":"https:\/\/polon.nauka.gov.pl\/pomoc\/wp-json\/wp\/v2\/lsvr_lore_faq\/9788\/revisions\/17746"}],"wp:attachment":[{"href":"https:\/\/polon.nauka.gov.pl\/pomoc\/wp-json\/wp\/v2\/media?parent=9788"}],"curies":[{"name":"wp","href":"https:\/\/api.w.org\/{rel}","templated":true}]}}

Jak liczyć godziny prowadzone przez nauczycieli, dla których uczelnia jest podstawowym miejscem pracy dla kierunków, które nie miały skutecznego naboru 2018/2019 i/lub 2019/2020 (np. kierunek będzie wygaszany, likwidowany) i studenci są tylko na wyższych semestrach?

<p>Według stanowiska ministerstwa w sytuacji tzw. &#8222;luki w cyklu kształcenia&#8221; w zakresie liczby godzin zajęć w ramach danego kierunku studiów realizowanych przez nauczycieli akademickich zatrudnionych w podstawowym miejscu pracy należy wskazać liczbę godzin faktycznie planowanych w danym roku akademicki (czyli np. z 1-go i 3-go roku studiów, a bez 2-go roku, w trakcie którego nie udała się rekrutacja). Ewentualna analiza spełniania wymogu dot. 50% i 75% godzin zajęć na tych kierunkach będzie realizowana indywidualnie.</p>

<p>Według stanowiska ministerstwa w sytuacji tzw. &#8222;luki w cyklu kształcenia&#8221; w zakresie liczby godzin zajęć w ramach danego kierunku studiów realizowanych przez nauczycieli akademickich zatrudnionych w podstawowym miejscu pracy należy wskazać liczbę godzin faktycznie planowanych w danym roku akademicki (czyli np. z 1-go i 3-go roku studiów, a bez 2-go roku, w trakcie którego nie [&hellip;]</p>

Kierunki studiów

brak naboru, kierunki, luka w kształceniu, łączna liczba godzin, nauczyciel akademicki, podstawowe miejsce pracy
