{"id":8422,"date":"2020-08-27T12:06:47","date_gmt":"2020-08-27T10:06:47","guid":{"rendered":"https:\/\/polon.nauka.gov.pl\/pomoc\/?post_type=lsvr_lore_faq&#038;p=8422"},"modified":"2024-07-02T12:39:26","modified_gmt":"2024-07-02T10:39:26","slug":"czy-w-sprawozdaniu-o-mobilnosci-za-2019-r-nalezy-wykazac-absolwentow-ktorzy-obronili-sie-w-2019-r-oraz-uczestniczyli-w-mobilnosci-w-roku-akademickim-2018-19-czy-takze-w-latach-wczesniejszych","status":"publish","type":"lsvr_lore_faq","link":"https:\/\/polon.nauka.gov.pl\/pomoc\/faq\/czy-w-sprawozdaniu-o-mobilnosci-za-2019-r-nalezy-wykazac-absolwentow-ktorzy-obronili-sie-w-2019-r-oraz-uczestniczyli-w-mobilnosci-w-roku-akademickim-2018-19-czy-takze-w-latach-wczesniejszych\/","title":{"rendered":"Czy w sprawozdaniu o mobilno\u015bci za 2019 r. nale\u017cy wykaza\u0107 absolwent\u00f3w, kt\u00f3rzy obronili si\u0119 w 2019 r. oraz\u00a0uczestniczyli w mobilno\u015bci w roku akademickim 2018\/19, czy tak\u017ce w latach wcze\u015bniejszych?"},"content":{"rendered":"<p><span style=\"color: #000000;\">W sprawozdaniu o mobilno\u015bci w dzia\u0142ach 1 i 2\u00a0nale\u017cy poda\u0107 liczb\u0119 tych absolwent\u00f3w, kt\u00f3rzy w ramach danego cyklu studi\u00f3w przebywali za granic\u0105 przez co najmniej trzy miesi\u0105ce nieprzerwanie lub ich pobyt wi\u0105za\u0142 si\u0119 z uzyskaniem co najmniej <span class=\"hljs-number\">15<\/span> punkt\u00f3w ECTS.\u00a0Cykl studi\u00f3w\u00a0oznacza ca\u0142y okres kszta\u0142cenia w ramach danego uruchomienia studi\u00f3w na kierunku, od pierwszego do ostatniego roku studi\u00f3w.\u00a0 W zwi\u0105zku z tym, n<span style=\"color: #333333;\">a sprawozdaniu nale\u017cy wykaza\u0107 absolwent\u00f3w, kt\u00f3rzy obronili si\u0119 w <\/span><span class=\"hljs-number\">2019<\/span><span style=\"color: #333333;\"><span style=\"color: #000000;\"> r<\/span>. i uczestniczyli w mobilno\u015bci r\u00f3wnie\u017c w latach wcze\u015bniejszych.<\/span><\/span><\/p>\n","protected":false},"excerpt":{"rendered":"<p>W sprawozdaniu o mobilno\u015bci w dzia\u0142ach 1 i 2\u00a0nale\u017cy poda\u0107 liczb\u0119 tych absolwent\u00f3w, kt\u00f3rzy w ramach danego cyklu studi\u00f3w przebywali za granic\u0105 przez co najmniej trzy miesi\u0105ce nieprzerwanie lub ich pobyt wi\u0105za\u0142 si\u0119 z uzyskaniem co najmniej 15 punkt\u00f3w ECTS.\u00a0Cykl studi\u00f3w\u00a0oznacza ca\u0142y okres kszta\u0142cenia w ramach danego uruchomienia studi\u00f3w na kierunku, od pierwszego do ostatniego [&hellip;]<\/p>\n","protected":false},"author":45,"template":"","meta":{"footnotes":""},"class_list":["post-8422","lsvr_lore_faq","type-lsvr_lore_faq","status-publish","hentry","lsvr_lore_faq_cat-s-m","lsvr_lore_faq_tag-cykle-ksztalcenia","lsvr_lore_faq_tag-gus","lsvr_lore_faq_tag-mobilnosc","lsvr_lore_faq_tag-s-m","lsvr_lore_faq_tag-sprawozdanie","lsvr_lore_faq_tag-sprawozdanie-o-mobilnosci","lsvr_lore_faq_tag-sprawozdanie-s-m","post-item"],"categories":"GUS - S-M","tags":"cykle kszta\u0142cenia, GUS, mobilno\u015b\u0107, S-M, sprawozdanie, sprawozdanie o mobilno\u015bci, sprawozdanie S-M","date_content_updated":"","_links":{"self":[{"href":"https:\/\/polon.nauka.gov.pl\/pomoc\/wp-json\/wp\/v2\/lsvr_lore_faq\/8422","targetHints":{"allow":["GET"]}}],"collection":[{"href":"https:\/\/polon.nauka.gov.pl\/pomoc\/wp-json\/wp\/v2\/lsvr_lore_faq"}],"about":[{"href":"https:\/\/polon.nauka.gov.pl\/pomoc\/wp-json\/wp\/v2\/types\/lsvr_lore_faq"}],"author":[{"embeddable":true,"href":"https:\/\/polon.nauka.gov.pl\/pomoc\/wp-json\/wp\/v2\/users\/45"}],"version-history":[{"count":3,"href":"https:\/\/polon.nauka.gov.pl\/pomoc\/wp-json\/wp\/v2\/lsvr_lore_faq\/8422\/revisions"}],"predecessor-version":[{"id":18387,"href":"https:\/\/polon.nauka.gov.pl\/pomoc\/wp-json\/wp\/v2\/lsvr_lore_faq\/8422\/revisions\/18387"}],"wp:attachment":[{"href":"https:\/\/polon.nauka.gov.pl\/pomoc\/wp-json\/wp\/v2\/media?parent=8422"}],"curies":[{"name":"wp","href":"https:\/\/api.w.org\/{rel}","templated":true}]}}

Czy w sprawozdaniu o mobilności za 2019 r. należy wykazać absolwentów, którzy obronili się w 2019 r. oraz uczestniczyli w mobilności w roku akademickim 2018/19, czy także w latach wcześniejszych?

<p><span style="color: #000000;">W sprawozdaniu o mobilności w działach 1 i 2 należy podać liczbę tych absolwentów, którzy w ramach danego cyklu studiów przebywali za granicą przez co najmniej trzy miesiące nieprzerwanie lub ich pobyt wiązał się z uzyskaniem co najmniej <span class="hljs-number">15</span> punktów ECTS. Cykl studiów oznacza cały okres kształcenia w ramach danego uruchomienia studiów na kierunku, od pierwszego do ostatniego roku studiów.  W związku z tym, n<span style="color: #333333;">a sprawozdaniu należy wykazać absolwentów, którzy obronili się w </span><span class="hljs-number">2019</span><span style="color: #333333;"><span style="color: #000000;"> r</span>. i uczestniczyli w mobilności również w latach wcześniejszych.</span></span></p>

<p>W sprawozdaniu o mobilności w działach 1 i 2 należy podać liczbę tych absolwentów, którzy w ramach danego cyklu studiów przebywali za granicą przez co najmniej trzy miesiące nieprzerwanie lub ich pobyt wiązał się z uzyskaniem co najmniej 15 punktów ECTS. Cykl studiów oznacza cały okres kształcenia w ramach danego uruchomienia studiów na kierunku, od pierwszego do ostatniego [&hellip;]</p>

cykle kształcenia, GUS, mobilność, S-M, sprawozdanie, sprawozdanie o mobilności, sprawozdanie S-M
