{"id":5309,"date":"2020-03-06T10:03:48","date_gmt":"2020-03-06T09:03:48","guid":{"rendered":"https:\/\/polon.nauka.gov.pl\/pomoc\/?post_type=lsvr_lore_faq&#038;p=5309"},"modified":"2022-12-05T16:15:34","modified_gmt":"2022-12-05T15:15:34","slug":"czy-w-pensum-i-w-liczbie-godzin-zajec-w-module-pracownicy-uwzgledniamy-tez-godziny-ponadwymiarowe","status":"publish","type":"lsvr_lore_faq","link":"https:\/\/polon.nauka.gov.pl\/pomoc\/faq\/czy-w-pensum-i-w-liczbie-godzin-zajec-w-module-pracownicy-uwzgledniamy-tez-godziny-ponadwymiarowe\/","title":{"rendered":"Czy w pensum w module Pracownicy uwzgl\u0119dniamy te\u017c godziny ponadwymiarowe?"},"content":{"rendered":"<p>Roczny wymiar zaj\u0119\u0107 dydaktycznych jest to <strong>warto\u015b\u0107 zatwierdzona przez w\u0142adze uczelni<\/strong> w zakresie przydzia\u0142u zaj\u0119\u0107 dydaktycznych na dany rok akademicki. Nale\u017cy w tym miejscu wpisa\u0107 <strong>ca\u0142e planowane pensum<\/strong>, w kt\u00f3rym zawarta b\u0119dzie ju\u017c informacja o tym, czy kto\u015b w danym roku akademickim b\u0119dzie mia\u0142 zwi\u0119kszone pensum z racji wykonywania godzin ponadwymiarowych (zast\u0119puj\u0105c innego nauczyciela akademickiego b\u0119d\u0105cego, np. na urlopie dla poratowania zdrowia).<\/p>\n","protected":false},"excerpt":{"rendered":"<p>Roczny wymiar zaj\u0119\u0107 dydaktycznych jest to warto\u015b\u0107 zatwierdzona przez w\u0142adze uczelni w zakresie przydzia\u0142u zaj\u0119\u0107 dydaktycznych na dany rok akademicki. Nale\u017cy w tym miejscu wpisa\u0107 ca\u0142e planowane pensum, w kt\u00f3rym zawarta b\u0119dzie ju\u017c informacja o tym, czy kto\u015b w danym roku akademickim b\u0119dzie mia\u0142 zwi\u0119kszone pensum z racji wykonywania godzin ponadwymiarowych (zast\u0119puj\u0105c innego nauczyciela akademickiego [&hellip;]<\/p>\n","protected":false},"author":45,"template":"","meta":{"footnotes":""},"class_list":["post-5309","lsvr_lore_faq","type-lsvr_lore_faq","status-publish","hentry","lsvr_lore_faq_cat-pracownicy-prowadzone-zajecia","lsvr_lore_faq_tag-godziny-ponadwymiarowe","lsvr_lore_faq_tag-pensum","lsvr_lore_faq_tag-pracownicy","lsvr_lore_faq_tag-stanowisko-mnisw","post-item"],"categories":"Pracownicy - prowadzone zaj\u0119cia","tags":"godziny ponadwymiarowe, pensum, pracownicy, stanowisko Ministerstwa","date_content_updated":"","_links":{"self":[{"href":"https:\/\/polon.nauka.gov.pl\/pomoc\/wp-json\/wp\/v2\/lsvr_lore_faq\/5309","targetHints":{"allow":["GET"]}}],"collection":[{"href":"https:\/\/polon.nauka.gov.pl\/pomoc\/wp-json\/wp\/v2\/lsvr_lore_faq"}],"about":[{"href":"https:\/\/polon.nauka.gov.pl\/pomoc\/wp-json\/wp\/v2\/types\/lsvr_lore_faq"}],"author":[{"embeddable":true,"href":"https:\/\/polon.nauka.gov.pl\/pomoc\/wp-json\/wp\/v2\/users\/45"}],"version-history":[{"count":3,"href":"https:\/\/polon.nauka.gov.pl\/pomoc\/wp-json\/wp\/v2\/lsvr_lore_faq\/5309\/revisions"}],"predecessor-version":[{"id":6249,"href":"https:\/\/polon.nauka.gov.pl\/pomoc\/wp-json\/wp\/v2\/lsvr_lore_faq\/5309\/revisions\/6249"}],"wp:attachment":[{"href":"https:\/\/polon.nauka.gov.pl\/pomoc\/wp-json\/wp\/v2\/media?parent=5309"}],"curies":[{"name":"wp","href":"https:\/\/api.w.org\/{rel}","templated":true}]}}

Czy w pensum w module Pracownicy uwzględniamy też godziny ponadwymiarowe?

<p>Roczny wymiar zajęć dydaktycznych jest to <strong>wartość zatwierdzona przez władze uczelni</strong> w zakresie przydziału zajęć dydaktycznych na dany rok akademicki. Należy w tym miejscu wpisać <strong>całe planowane pensum</strong>, w którym zawarta będzie już informacja o tym, czy ktoś w danym roku akademickim będzie miał zwiększone pensum z racji wykonywania godzin ponadwymiarowych (zastępując innego nauczyciela akademickiego będącego, np. na urlopie dla poratowania zdrowia).</p>

<p>Roczny wymiar zajęć dydaktycznych jest to wartość zatwierdzona przez władze uczelni w zakresie przydziału zajęć dydaktycznych na dany rok akademicki. Należy w tym miejscu wpisać całe planowane pensum, w którym zawarta będzie już informacja o tym, czy ktoś w danym roku akademickim będzie miał zwiększone pensum z racji wykonywania godzin ponadwymiarowych (zastępując innego nauczyciela akademickiego [&hellip;]</p>

Pracownicy - prowadzone zajęcia
