{"id":4302,"date":"2019-10-31T12:05:43","date_gmt":"2019-10-31T11:05:43","guid":{"rendered":"https:\/\/polon.nauka.gov.pl\/pomoc\/?post_type=lsvr_lore_faq&#038;p=4302"},"modified":"2022-12-05T16:17:47","modified_gmt":"2022-12-05T15:17:47","slug":"jak-wprowadzac-dane-w-polu-kompetencje","status":"publish","type":"lsvr_lore_faq","link":"https:\/\/polon.nauka.gov.pl\/pomoc\/faq\/jak-wprowadzac-dane-w-polu-kompetencje\/","title":{"rendered":"Jak wprowadza\u0107 dane w polu \u201eKompetencje\u201d w module Pracownicy?"},"content":{"rendered":"<p>Dane te b\u0119d\u0105 wprowadzane w polach tekstowych, w kt\u00f3rych nale\u017cy opisa\u0107 og\u00f3lny zakres kompetencji i do\u015bwiadczenia danej osoby (pola te dotycz\u0105 tzw. innych os\u00f3b prowadz\u0105cych zaj\u0119cia). Zgodnie z art. 343 ust. 1 pkt 17 ustawy 2.0 nale\u017cy poda\u0107 informacje o kompetencjach i do\u015bwiadczeniu <strong>pozwalaj\u0105cych na prawid\u0142ow\u0105 realizacj\u0119 zaj\u0119\u0107 w ramach programu studi\u00f3w<\/strong>.<br \/>\nDane b\u0119d\u0105 wprowadzane w rozbiciu na nast\u0119puj\u0105ce informacje:<\/p>\n<ul>\n<li>zakres zdobytego do\u015bwiadczenia,<\/li>\n<li>zakres posiadanych kompetencji naukowych,<\/li>\n<li>zakres posiadanych kompetencji dydaktycznych,<\/li>\n<li>zakres posiadanych kompetencji praktycznych.<\/li>\n<\/ul>\n","protected":false},"excerpt":{"rendered":"<p>Dane te b\u0119d\u0105 wprowadzane w polach tekstowych, w kt\u00f3rych nale\u017cy opisa\u0107 og\u00f3lny zakres kompetencji i do\u015bwiadczenia danej osoby (pola te dotycz\u0105 tzw. innych os\u00f3b prowadz\u0105cych zaj\u0119cia). Zgodnie z art. 343 ust. 1 pkt 17 ustawy 2.0 nale\u017cy poda\u0107 informacje o kompetencjach i do\u015bwiadczeniu pozwalaj\u0105cych na prawid\u0142ow\u0105 realizacj\u0119 zaj\u0119\u0107 w ramach programu studi\u00f3w. Dane b\u0119d\u0105 wprowadzane [&hellip;]<\/p>\n","protected":false},"author":45,"template":"","meta":{"footnotes":""},"class_list":["post-4302","lsvr_lore_faq","type-lsvr_lore_faq","status-publish","hentry","lsvr_lore_faq_cat-pracownicy-inne-osoby","lsvr_lore_faq_tag-doswiadczenie","lsvr_lore_faq_tag-inne-osoby-prowadzace-zajecia","lsvr_lore_faq_tag-kompetencje","lsvr_lore_faq_tag-pracownicy","lsvr_lore_faq_tag-rejestracja","post-item"],"categories":"Pracownicy - inne osoby prowadz\u0105ce zaj\u0119cia","tags":"do\u015bwiadczenie, inne osoby prowadz\u0105ce zaj\u0119cia, kompetencje, pracownicy, rejestracja","date_content_updated":"","_links":{"self":[{"href":"https:\/\/polon.nauka.gov.pl\/pomoc\/wp-json\/wp\/v2\/lsvr_lore_faq\/4302","targetHints":{"allow":["GET"]}}],"collection":[{"href":"https:\/\/polon.nauka.gov.pl\/pomoc\/wp-json\/wp\/v2\/lsvr_lore_faq"}],"about":[{"href":"https:\/\/polon.nauka.gov.pl\/pomoc\/wp-json\/wp\/v2\/types\/lsvr_lore_faq"}],"author":[{"embeddable":true,"href":"https:\/\/polon.nauka.gov.pl\/pomoc\/wp-json\/wp\/v2\/users\/45"}],"version-history":[{"count":4,"href":"https:\/\/polon.nauka.gov.pl\/pomoc\/wp-json\/wp\/v2\/lsvr_lore_faq\/4302\/revisions"}],"predecessor-version":[{"id":6029,"href":"https:\/\/polon.nauka.gov.pl\/pomoc\/wp-json\/wp\/v2\/lsvr_lore_faq\/4302\/revisions\/6029"}],"wp:attachment":[{"href":"https:\/\/polon.nauka.gov.pl\/pomoc\/wp-json\/wp\/v2\/media?parent=4302"}],"curies":[{"name":"wp","href":"https:\/\/api.w.org\/{rel}","templated":true}]}}

Jak wprowadzać dane w polu „Kompetencje” w module Pracownicy?

<p>Dane te będą wprowadzane w polach tekstowych, w których należy opisać ogólny zakres kompetencji i doświadczenia danej osoby (pola te dotyczą tzw. innych osób prowadzących zajęcia). Zgodnie z art. 343 ust. 1 pkt 17 ustawy 2.0 należy podać informacje o kompetencjach i doświadczeniu <strong>pozwalających na prawidłową realizację zajęć w ramach programu studiów</strong>.<br />
Dane będą wprowadzane w rozbiciu na następujące informacje:</p>
<ul>
<li>zakres zdobytego doświadczenia,</li>
<li>zakres posiadanych kompetencji naukowych,</li>
<li>zakres posiadanych kompetencji dydaktycznych,</li>
<li>zakres posiadanych kompetencji praktycznych.</li>
</ul>

<p>Dane te będą wprowadzane w polach tekstowych, w których należy opisać ogólny zakres kompetencji i doświadczenia danej osoby (pola te dotyczą tzw. innych osób prowadzących zajęcia). Zgodnie z art. 343 ust. 1 pkt 17 ustawy 2.0 należy podać informacje o kompetencjach i doświadczeniu pozwalających na prawidłową realizację zajęć w ramach programu studiów. Dane będą wprowadzane [&hellip;]</p>

Pracownicy - inne osoby prowadzące zajęcia

doświadczenie, inne osoby prowadzące zajęcia, kompetencje, pracownicy, rejestracja
