{"id":4235,"date":"2019-10-30T15:47:26","date_gmt":"2019-10-30T14:47:26","guid":{"rendered":"https:\/\/polon.nauka.gov.pl\/pomoc\/?post_type=lsvr_lore_faq&#038;p=4235"},"modified":"2024-01-15T09:16:22","modified_gmt":"2024-01-15T08:16:22","slug":"czy-zlozone-w-systemie-oswiadczenie-o-reprezentowaniu-dyscyplin-moze-przestac-obowiazywac","status":"publish","type":"lsvr_lore_faq","link":"https:\/\/polon.nauka.gov.pl\/pomoc\/faq\/czy-zlozone-w-systemie-oswiadczenie-o-reprezentowaniu-dyscyplin-moze-przestac-obowiazywac\/","title":{"rendered":"Czy z\u0142o\u017cone w systemie o\u015bwiadczenie o reprezentowaniu dyscyplin mo\u017ce przesta\u0107 obowi\u0105zywa\u0107?"},"content":{"rendered":"<p>O\u015bwiadczenie o dyscyplinie mo\u017ce by\u0107 zako\u0144czone w trzech przypadkach:<\/p>\n<ul>\n<li>pracownik zako\u0144czy\u0142 zatrudnienie w danym podmiocie,<\/li>\n<li>pracownik z\u0142o\u017cy\u0142 nowe o\u015bwiadczenie o reprezentowaniu dyscyplin w danym podmiocie (mo\u017ce to zrobi\u0107 po up\u0142ywie dw\u00f3ch lat od z\u0142o\u017cenia poprzedniego o\u015bwiadczenia w danym podmiocie),<\/li>\n<li>pracownikowi wprowadza si\u0119 dat\u0119 ustania o\u015bwiadczenia o reprezentowaniu dyscyplin w danym podmiocie po up\u0142ywie dw\u00f3ch lat od jego z\u0142o\u017cenia.<\/li>\n<\/ul>\n<p>W przypadku pope\u0142nienia b\u0142\u0119du i potrzeby korekty wprowadzonych danych zapoznaj si\u0119 z komunikatem:<\/p>\n<p><a href=\"https:\/\/polon2.opi.org.pl\/informacje\/aktualnosci\/o\/10\/zniesienie-walidacji-blokujacej-zmiany-w-obszarze-oswiadczen-o-dyscyplinach-i-n\/494034\">https:\/\/polon2.opi.org.pl\/informacje\/aktualnosci\/o\/10\/zniesienie-walidacji-blokujacej-zmiany-w-obszarze-oswiadczen-o-dyscyplinach-i-n\/494034<\/a><\/p>\n","protected":false},"excerpt":{"rendered":"<p>O\u015bwiadczenie o dyscyplinie mo\u017ce by\u0107 zako\u0144czone w trzech przypadkach: pracownik zako\u0144czy\u0142 zatrudnienie w danym podmiocie, pracownik z\u0142o\u017cy\u0142 nowe o\u015bwiadczenie o reprezentowaniu dyscyplin w danym podmiocie (mo\u017ce to zrobi\u0107 po up\u0142ywie dw\u00f3ch lat od z\u0142o\u017cenia poprzedniego o\u015bwiadczenia w danym podmiocie), pracownikowi wprowadza si\u0119 dat\u0119 ustania o\u015bwiadczenia o reprezentowaniu dyscyplin w danym podmiocie po up\u0142ywie dw\u00f3ch lat [&hellip;]<\/p>\n","protected":false},"author":45,"template":"","meta":{"footnotes":""},"class_list":["post-4235","lsvr_lore_faq","type-lsvr_lore_faq","status-publish","hentry","lsvr_lore_faq_cat-pracownicy-oswiadczenia","lsvr_lore_faq_tag-dziedziny-i-dyscypliny","lsvr_lore_faq_tag-oswiadczenia","lsvr_lore_faq_tag-oswiadczenie-o-dyscyplinie","lsvr_lore_faq_tag-pracownicy","post-item"],"categories":"Pracownicy - o\u015bwiadczenia","tags":"dziedziny i dyscypliny, o\u015bwiadczenia, o\u015bwiadczenie o dyscyplinie, pracownicy","date_content_updated":"1705017600","_links":{"self":[{"href":"https:\/\/polon.nauka.gov.pl\/pomoc\/wp-json\/wp\/v2\/lsvr_lore_faq\/4235","targetHints":{"allow":["GET"]}}],"collection":[{"href":"https:\/\/polon.nauka.gov.pl\/pomoc\/wp-json\/wp\/v2\/lsvr_lore_faq"}],"about":[{"href":"https:\/\/polon.nauka.gov.pl\/pomoc\/wp-json\/wp\/v2\/types\/lsvr_lore_faq"}],"author":[{"embeddable":true,"href":"https:\/\/polon.nauka.gov.pl\/pomoc\/wp-json\/wp\/v2\/users\/45"}],"version-history":[{"count":8,"href":"https:\/\/polon.nauka.gov.pl\/pomoc\/wp-json\/wp\/v2\/lsvr_lore_faq\/4235\/revisions"}],"predecessor-version":[{"id":17541,"href":"https:\/\/polon.nauka.gov.pl\/pomoc\/wp-json\/wp\/v2\/lsvr_lore_faq\/4235\/revisions\/17541"}],"wp:attachment":[{"href":"https:\/\/polon.nauka.gov.pl\/pomoc\/wp-json\/wp\/v2\/media?parent=4235"}],"curies":[{"name":"wp","href":"https:\/\/api.w.org\/{rel}","templated":true}]}}

Czy złożone w systemie oświadczenie o reprezentowaniu dyscyplin może przestać obowiązywać?

<p>Oświadczenie o dyscyplinie może być zakończone w trzech przypadkach:</p>
<ul>
<li>pracownik zakończył zatrudnienie w danym podmiocie,</li>
<li>pracownik złożył nowe oświadczenie o reprezentowaniu dyscyplin w danym podmiocie (może to zrobić po upływie dwóch lat od złożenia poprzedniego oświadczenia w danym podmiocie),</li>
<li>pracownikowi wprowadza się datę ustania oświadczenia o reprezentowaniu dyscyplin w danym podmiocie po upływie dwóch lat od jego złożenia.</li>
</ul>
<p>W przypadku popełnienia błędu i potrzeby korekty wprowadzonych danych zapoznaj się z komunikatem:</p>
<p><a href="https://polon2.opi.org.pl/informacje/aktualnosci/o/10/zniesienie-walidacji-blokujacej-zmiany-w-obszarze-oswiadczen-o-dyscyplinach-i-n/494034">https://polon2.opi.org.pl/informacje/aktualnosci/o/10/zniesienie-walidacji-blokujacej-zmiany-w-obszarze-oswiadczen-o-dyscyplinach-i-n/494034</a></p>

<p>Oświadczenie o dyscyplinie może być zakończone w trzech przypadkach: pracownik zakończył zatrudnienie w danym podmiocie, pracownik złożył nowe oświadczenie o reprezentowaniu dyscyplin w danym podmiocie (może to zrobić po upływie dwóch lat od złożenia poprzedniego oświadczenia w danym podmiocie), pracownikowi wprowadza się datę ustania oświadczenia o reprezentowaniu dyscyplin w danym podmiocie po upływie dwóch lat [&hellip;]</p>

Pracownicy - oświadczenia

dziedziny i dyscypliny, oświadczenia, oświadczenie o dyscyplinie, pracownicy
