{"id":4221,"date":"2019-10-30T14:38:41","date_gmt":"2019-10-30T13:38:41","guid":{"rendered":"https:\/\/polon.nauka.gov.pl\/pomoc\/?post_type=lsvr_lore_faq&#038;p=4221"},"modified":"2022-12-05T16:18:14","modified_gmt":"2022-12-05T15:18:14","slug":"jak-wprowadzac-nieobecnosci-w-module-pracownicy","status":"publish","type":"lsvr_lore_faq","link":"https:\/\/polon.nauka.gov.pl\/pomoc\/faq\/jak-wprowadzac-nieobecnosci-w-module-pracownicy\/","title":{"rendered":"Jak wprowadza\u0107 nieobecno\u015bci pracownika?"},"content":{"rendered":"<p>Nale\u017cy wprowadzi\u0107 <strong>zbiorcz\u0105 liczb\u0119 dni<\/strong> nieobecno\u015bci danego pracownika (bez szczeg\u00f3\u0142\u00f3w dotycz\u0105cych przyczyn nieobecno\u015bci) <strong>wed\u0142ug stanu na dzie\u0144 31 grudnia<\/strong>.<\/p>\n<p>Rodzaje tych nieobecno\u015bci okre\u015bla <span class=\"articletitle\">\u00a7<\/span> 2 ust. 5 pkt 4 rozporz\u0105dzenia ws. POL-on. S\u0105 to: urlop bezp\u0142atny, urlop macierzy\u0144ski, urlop na warunkach urlopu macierzy\u0144skiego, urlop ojcowski, urlop wychowawczy, urlop rodzicielski, urlop dla poratowania zdrowia, okres, za kt\u00f3ry pracownik pobiera\u0142 zasi\u0142ek chorobowy lub \u015bwiadczenie rehabilitacyjne.<\/p>\n<p>&nbsp;<\/p>\n","protected":false},"excerpt":{"rendered":"<p>Nale\u017cy wprowadzi\u0107 zbiorcz\u0105 liczb\u0119 dni nieobecno\u015bci danego pracownika (bez szczeg\u00f3\u0142\u00f3w dotycz\u0105cych przyczyn nieobecno\u015bci) wed\u0142ug stanu na dzie\u0144 31 grudnia. Rodzaje tych nieobecno\u015bci okre\u015bla \u00a7 2 ust. 5 pkt 4 rozporz\u0105dzenia ws. POL-on. S\u0105 to: urlop bezp\u0142atny, urlop macierzy\u0144ski, urlop na warunkach urlopu macierzy\u0144skiego, urlop ojcowski, urlop wychowawczy, urlop rodzicielski, urlop dla poratowania zdrowia, okres, za [&hellip;]<\/p>\n","protected":false},"author":45,"template":"","meta":{"footnotes":""},"class_list":["post-4221","lsvr_lore_faq","type-lsvr_lore_faq","status-publish","hentry","lsvr_lore_faq_cat-pracownicy-nieobecnosci","lsvr_lore_faq_tag-nieobecnosci","lsvr_lore_faq_tag-pracownicy","lsvr_lore_faq_tag-rejestracja","post-item"],"categories":"Pracownicy - nieobecno\u015bci","tags":"nieobecno\u015bci, pracownicy, rejestracja","date_content_updated":"","_links":{"self":[{"href":"https:\/\/polon.nauka.gov.pl\/pomoc\/wp-json\/wp\/v2\/lsvr_lore_faq\/4221","targetHints":{"allow":["GET"]}}],"collection":[{"href":"https:\/\/polon.nauka.gov.pl\/pomoc\/wp-json\/wp\/v2\/lsvr_lore_faq"}],"about":[{"href":"https:\/\/polon.nauka.gov.pl\/pomoc\/wp-json\/wp\/v2\/types\/lsvr_lore_faq"}],"author":[{"embeddable":true,"href":"https:\/\/polon.nauka.gov.pl\/pomoc\/wp-json\/wp\/v2\/users\/45"}],"version-history":[{"count":6,"href":"https:\/\/polon.nauka.gov.pl\/pomoc\/wp-json\/wp\/v2\/lsvr_lore_faq\/4221\/revisions"}],"predecessor-version":[{"id":9845,"href":"https:\/\/polon.nauka.gov.pl\/pomoc\/wp-json\/wp\/v2\/lsvr_lore_faq\/4221\/revisions\/9845"}],"wp:attachment":[{"href":"https:\/\/polon.nauka.gov.pl\/pomoc\/wp-json\/wp\/v2\/media?parent=4221"}],"curies":[{"name":"wp","href":"https:\/\/api.w.org\/{rel}","templated":true}]}}

Jak wprowadzać nieobecności pracownika?

<p>Należy wprowadzić <strong>zbiorczą liczbę dni</strong> nieobecności danego pracownika (bez szczegółów dotyczących przyczyn nieobecności) <strong>według stanu na dzień 31 grudnia</strong>.</p>
<p>Rodzaje tych nieobecności określa <span class="articletitle">§</span> 2 ust. 5 pkt 4 rozporządzenia ws. POL-on. Są to: urlop bezpłatny, urlop macierzyński, urlop na warunkach urlopu macierzyńskiego, urlop ojcowski, urlop wychowawczy, urlop rodzicielski, urlop dla poratowania zdrowia, okres, za który pracownik pobierał zasiłek chorobowy lub świadczenie rehabilitacyjne.</p>
<p>&nbsp;</p>

<p>Należy wprowadzić zbiorczą liczbę dni nieobecności danego pracownika (bez szczegółów dotyczących przyczyn nieobecności) według stanu na dzień 31 grudnia. Rodzaje tych nieobecności określa § 2 ust. 5 pkt 4 rozporządzenia ws. POL-on. Są to: urlop bezpłatny, urlop macierzyński, urlop na warunkach urlopu macierzyńskiego, urlop ojcowski, urlop wychowawczy, urlop rodzicielski, urlop dla poratowania zdrowia, okres, za [&hellip;]</p>

Pracownicy - nieobecności

nieobecności, pracownicy, rejestracja
