{"id":18628,"date":"2024-07-04T10:59:00","date_gmt":"2024-07-04T08:59:00","guid":{"rendered":"https:\/\/polon.nauka.gov.pl\/pomoc\/?post_type=lsvr_lore_faq&#038;p=18628"},"modified":"2024-07-04T11:02:44","modified_gmt":"2024-07-04T09:02:44","slug":"czy-w-dziale-3-i-4-sprawozdania-nalezy-wykazac-mobilnosci-w-ramach-programu-dzialania-maria-sklodowska-curie-horyzont-europa-program-mobilnosciowy-przyjazdy-na-3-lata-czy-wykazywac-czy-wyka","status":"publish","type":"lsvr_lore_faq","link":"https:\/\/polon.nauka.gov.pl\/pomoc\/faq\/czy-w-dziale-3-i-4-sprawozdania-nalezy-wykazac-mobilnosci-w-ramach-programu-dzialania-maria-sklodowska-curie-horyzont-europa-program-mobilnosciowy-przyjazdy-na-3-lata-czy-wykazywac-czy-wyka\/","title":{"rendered":"Czy w dziale 3 i 4 sprawozdania nale\u017cy wykaza\u0107 mobilno\u015bci w ramach Programu Dzia\u0142ania &#8222;Maria Sk\u0142odowska-Curie&#8221; (Horyzont Europa) &#8211; program mobilno\u015bciowy, przyjazdy na 3 lata, czy wykazywa\u0107, czy wykazywa\u0107 ka\u017cdego roku?"},"content":{"rendered":"<p>Mobilno\u015bci nale\u017cy wykaza\u0107 w roku, w kt\u00f3rym mobilno\u015b\u0107 si\u0119 ko\u0144czy.<\/p>\n","protected":false},"excerpt":{"rendered":"<p>Mobilno\u015bci nale\u017cy wykaza\u0107 w roku, w kt\u00f3rym mobilno\u015b\u0107 si\u0119 ko\u0144czy.<\/p>\n","protected":false},"author":40,"template":"","meta":{"footnotes":""},"class_list":["post-18628","lsvr_lore_faq","type-lsvr_lore_faq","status-publish","hentry","lsvr_lore_faq_cat-s-m","lsvr_lore_faq_tag-gus","lsvr_lore_faq_tag-mnisw","lsvr_lore_faq_tag-mobilnosc","lsvr_lore_faq_tag-s-m","lsvr_lore_faq_tag-sprawozdanie-o-mobilnosci","lsvr_lore_faq_tag-sprawozdanie-s-m","lsvr_lore_faq_tag-stanowisko-mnisw","post-item"],"categories":"GUS - S-M","tags":"GUS, MNiSW, mobilno\u015b\u0107, S-M, sprawozdanie o mobilno\u015bci, sprawozdanie S-M, stanowisko Ministerstwa","date_content_updated":"","_links":{"self":[{"href":"https:\/\/polon.nauka.gov.pl\/pomoc\/wp-json\/wp\/v2\/lsvr_lore_faq\/18628","targetHints":{"allow":["GET"]}}],"collection":[{"href":"https:\/\/polon.nauka.gov.pl\/pomoc\/wp-json\/wp\/v2\/lsvr_lore_faq"}],"about":[{"href":"https:\/\/polon.nauka.gov.pl\/pomoc\/wp-json\/wp\/v2\/types\/lsvr_lore_faq"}],"author":[{"embeddable":true,"href":"https:\/\/polon.nauka.gov.pl\/pomoc\/wp-json\/wp\/v2\/users\/40"}],"version-history":[{"count":1,"href":"https:\/\/polon.nauka.gov.pl\/pomoc\/wp-json\/wp\/v2\/lsvr_lore_faq\/18628\/revisions"}],"predecessor-version":[{"id":18629,"href":"https:\/\/polon.nauka.gov.pl\/pomoc\/wp-json\/wp\/v2\/lsvr_lore_faq\/18628\/revisions\/18629"}],"wp:attachment":[{"href":"https:\/\/polon.nauka.gov.pl\/pomoc\/wp-json\/wp\/v2\/media?parent=18628"}],"curies":[{"name":"wp","href":"https:\/\/api.w.org\/{rel}","templated":true}]}}

Czy w dziale 3 i 4 sprawozdania należy wykazać mobilności w ramach Programu Działania &#8222;Maria Skłodowska-Curie&#8221; (Horyzont Europa) &#8211; program mobilnościowy, przyjazdy na 3 lata, czy wykazywać, czy wykazywać każdego roku?

<p>Mobilności należy wykazać w roku, w którym mobilność się kończy.</p>

GUS, MNiSW, mobilność, S-M, sprawozdanie o mobilności, sprawozdanie S-M, stanowisko Ministerstwa
