{"id":18564,"date":"2024-07-02T11:51:49","date_gmt":"2024-07-02T09:51:49","guid":{"rendered":"https:\/\/polon.nauka.gov.pl\/pomoc\/?post_type=lsvr_lore_faq&#038;p=18564"},"modified":"2024-07-02T12:55:37","modified_gmt":"2024-07-02T10:55:37","slug":"czy-okreslenie-pozostali-pracownicy-odnosi-sie-takze-do-pracownikow-administracji-i-obslugi","status":"publish","type":"lsvr_lore_faq","link":"https:\/\/polon.nauka.gov.pl\/pomoc\/faq\/czy-okreslenie-pozostali-pracownicy-odnosi-sie-takze-do-pracownikow-administracji-i-obslugi\/","title":{"rendered":"Czy okre\u015blenie &#8222;pozostali pracownicy&#8221; odnosi si\u0119 tak\u017ce do pracownik\u00f3w administracji i obs\u0142ugi? (S-M)"},"content":{"rendered":"<p>Przez okre\u015blenie &#8222;pozostali pracownicy&#8221; nale\u017cy rozumie\u0107 pracownik\u00f3w, kt\u00f3rzy mieli mobilno\u015b\u0107 zwi\u0105zan\u0105 z edukacj\u0105 lub prowadzeniem bada\u0144, ale nie zostali uwzgl\u0119dnieni w kolumnie 10, np. inne osoby prowadz\u0105ce zaj\u0119cia lub inne osoby bior\u0105ce udzia\u0142 w prowadzeniu dzia\u0142alno\u015bci naukowej.<\/p>\n","protected":false},"excerpt":{"rendered":"<p>Przez okre\u015blenie &#8222;pozostali pracownicy&#8221; nale\u017cy rozumie\u0107 pracownik\u00f3w, kt\u00f3rzy mieli mobilno\u015b\u0107 zwi\u0105zan\u0105 z edukacj\u0105 lub prowadzeniem bada\u0144, ale nie zostali uwzgl\u0119dnieni w kolumnie 10, np. inne osoby prowadz\u0105ce zaj\u0119cia lub inne osoby bior\u0105ce udzia\u0142 w prowadzeniu dzia\u0142alno\u015bci naukowej.<\/p>\n","protected":false},"author":40,"template":"","meta":{"footnotes":""},"class_list":["post-18564","lsvr_lore_faq","type-lsvr_lore_faq","status-publish","hentry","lsvr_lore_faq_cat-s-m","lsvr_lore_faq_tag-gus","lsvr_lore_faq_tag-mnisw","lsvr_lore_faq_tag-mobilnosc","lsvr_lore_faq_tag-s-m","lsvr_lore_faq_tag-sprawozdanie-o-mobilnosci","lsvr_lore_faq_tag-sprawozdanie-s-m","lsvr_lore_faq_tag-stanowisko-mnisw","post-item"],"categories":"GUS - S-M","tags":"GUS, MNiSW, mobilno\u015b\u0107, S-M, sprawozdanie o mobilno\u015bci, sprawozdanie S-M, stanowisko Ministerstwa","date_content_updated":"","_links":{"self":[{"href":"https:\/\/polon.nauka.gov.pl\/pomoc\/wp-json\/wp\/v2\/lsvr_lore_faq\/18564","targetHints":{"allow":["GET"]}}],"collection":[{"href":"https:\/\/polon.nauka.gov.pl\/pomoc\/wp-json\/wp\/v2\/lsvr_lore_faq"}],"about":[{"href":"https:\/\/polon.nauka.gov.pl\/pomoc\/wp-json\/wp\/v2\/types\/lsvr_lore_faq"}],"author":[{"embeddable":true,"href":"https:\/\/polon.nauka.gov.pl\/pomoc\/wp-json\/wp\/v2\/users\/40"}],"version-history":[{"count":2,"href":"https:\/\/polon.nauka.gov.pl\/pomoc\/wp-json\/wp\/v2\/lsvr_lore_faq\/18564\/revisions"}],"predecessor-version":[{"id":18566,"href":"https:\/\/polon.nauka.gov.pl\/pomoc\/wp-json\/wp\/v2\/lsvr_lore_faq\/18564\/revisions\/18566"}],"wp:attachment":[{"href":"https:\/\/polon.nauka.gov.pl\/pomoc\/wp-json\/wp\/v2\/media?parent=18564"}],"curies":[{"name":"wp","href":"https:\/\/api.w.org\/{rel}","templated":true}]}}

Czy określenie &#8222;pozostali pracownicy&#8221; odnosi się także do pracowników administracji i obsługi? (S-M)

<p>Przez określenie &#8222;pozostali pracownicy&#8221; należy rozumieć pracowników, którzy mieli mobilność związaną z edukacją lub prowadzeniem badań, ale nie zostali uwzględnieni w kolumnie 10, np. inne osoby prowadzące zajęcia lub inne osoby biorące udział w prowadzeniu działalności naukowej.</p>

GUS, MNiSW, mobilność, S-M, sprawozdanie o mobilności, sprawozdanie S-M, stanowisko Ministerstwa
