{"id":18558,"date":"2024-07-02T11:49:30","date_gmt":"2024-07-02T09:49:30","guid":{"rendered":"https:\/\/polon.nauka.gov.pl\/pomoc\/?post_type=lsvr_lore_faq&#038;p=18558"},"modified":"2024-07-02T12:55:07","modified_gmt":"2024-07-02T10:55:07","slug":"w-jaki-sposob-wykazac-pobyty-przyjazdy-wyjazdy-ktore-mialy-miejsce-na-przelomie-dwoch-lat-kalendarzowych-tj-w-okresach-obejmujacych-grudzien-styczen-wg-jakich-zasad-przypisywac-dana-mikromobiln","status":"publish","type":"lsvr_lore_faq","link":"https:\/\/polon.nauka.gov.pl\/pomoc\/faq\/w-jaki-sposob-wykazac-pobyty-przyjazdy-wyjazdy-ktore-mialy-miejsce-na-przelomie-dwoch-lat-kalendarzowych-tj-w-okresach-obejmujacych-grudzien-styczen-wg-jakich-zasad-przypisywac-dana-mikromobiln\/","title":{"rendered":"W jaki spos\u00f3b wykaza\u0107 pobyty (przyjazdy\/wyjazdy), kt\u00f3re mia\u0142y miejsce na prze\u0142omie dw\u00f3ch lat kalendarzowych (tj. w okresach obejmuj\u0105cych grudzie\u0144-stycze\u0144)? Wg jakich zasad przypisywa\u0107 dan\u0105 mikromobilno\u015b\u0107 do danego roku kalendarzowego? Czy za 2023 nale\u017cy wykaza\u0107 np. 90-dniow\u0105 mobilno\u015b\u0107, kt\u00f3rej cz\u0119\u015b\u0107 (np. 20 dni) zrealizowanych by\u0142o jeszcze w grudniu 2022 roku?"},"content":{"rendered":"<p>W sprawozdaniu przekazujemy informacj\u0119 o wszystkich mobilno\u015bciach zagranicznych, kt\u00f3rych data zako\u0144czenia mia\u0142a miejsce w roku sprawozdawczym (rok kalendarzowy).<\/p>\n","protected":false},"excerpt":{"rendered":"<p>W sprawozdaniu przekazujemy informacj\u0119 o wszystkich mobilno\u015bciach zagranicznych, kt\u00f3rych data zako\u0144czenia mia\u0142a miejsce w roku sprawozdawczym (rok kalendarzowy).<\/p>\n","protected":false},"author":40,"template":"","meta":{"footnotes":""},"class_list":["post-18558","lsvr_lore_faq","type-lsvr_lore_faq","status-publish","hentry","lsvr_lore_faq_cat-s-m","lsvr_lore_faq_tag-gus","lsvr_lore_faq_tag-mnisw","lsvr_lore_faq_tag-mobilnosc","lsvr_lore_faq_tag-s-m","lsvr_lore_faq_tag-sprawozdanie-o-mobilnosci","lsvr_lore_faq_tag-sprawozdanie-s-m","lsvr_lore_faq_tag-stanowisko-mnisw","post-item"],"categories":"GUS - S-M","tags":"GUS, MNiSW, mobilno\u015b\u0107, S-M, sprawozdanie o mobilno\u015bci, sprawozdanie S-M, stanowisko Ministerstwa","date_content_updated":"","_links":{"self":[{"href":"https:\/\/polon.nauka.gov.pl\/pomoc\/wp-json\/wp\/v2\/lsvr_lore_faq\/18558","targetHints":{"allow":["GET"]}}],"collection":[{"href":"https:\/\/polon.nauka.gov.pl\/pomoc\/wp-json\/wp\/v2\/lsvr_lore_faq"}],"about":[{"href":"https:\/\/polon.nauka.gov.pl\/pomoc\/wp-json\/wp\/v2\/types\/lsvr_lore_faq"}],"author":[{"embeddable":true,"href":"https:\/\/polon.nauka.gov.pl\/pomoc\/wp-json\/wp\/v2\/users\/40"}],"version-history":[{"count":1,"href":"https:\/\/polon.nauka.gov.pl\/pomoc\/wp-json\/wp\/v2\/lsvr_lore_faq\/18558\/revisions"}],"predecessor-version":[{"id":18559,"href":"https:\/\/polon.nauka.gov.pl\/pomoc\/wp-json\/wp\/v2\/lsvr_lore_faq\/18558\/revisions\/18559"}],"wp:attachment":[{"href":"https:\/\/polon.nauka.gov.pl\/pomoc\/wp-json\/wp\/v2\/media?parent=18558"}],"curies":[{"name":"wp","href":"https:\/\/api.w.org\/{rel}","templated":true}]}}

W jaki sposób wykazać pobyty (przyjazdy/wyjazdy), które miały miejsce na przełomie dwóch lat kalendarzowych (tj. w okresach obejmujących grudzień-styczeń)? Wg jakich zasad przypisywać daną mikromobilność do danego roku kalendarzowego? Czy za 2023 należy wykazać np. 90-dniową mobilność, której część (np. 20 dni) zrealizowanych było jeszcze w grudniu 2022 roku?

<p>W sprawozdaniu przekazujemy informację o wszystkich mobilnościach zagranicznych, których data zakończenia miała miejsce w roku sprawozdawczym (rok kalendarzowy).</p>

GUS, MNiSW, mobilność, S-M, sprawozdanie o mobilności, sprawozdanie S-M, stanowisko Ministerstwa
