{"id":13006,"date":"2022-03-08T11:31:43","date_gmt":"2022-03-08T10:31:43","guid":{"rendered":"https:\/\/polon.nauka.gov.pl\/pomoc\/?post_type=lsvr_lore_faq&#038;p=13006"},"modified":"2022-10-04T12:35:53","modified_gmt":"2022-10-04T10:35:53","slug":"czy-po-zakonczeniu-kadencji-jako-np-prodziekan-dana-osoba-zostaje-dziekanem-to-czy-ta-zmiane-wprowadzamy-w-tym-samym-wpisie-podajemy-date-koncowa-funkcji-prodziekana-i-dodajemy-nowa-funk","status":"publish","type":"lsvr_lore_faq","link":"https:\/\/polon.nauka.gov.pl\/pomoc\/faq\/czy-po-zakonczeniu-kadencji-jako-np-prodziekan-dana-osoba-zostaje-dziekanem-to-czy-ta-zmiane-wprowadzamy-w-tym-samym-wpisie-podajemy-date-koncowa-funkcji-prodziekana-i-dodajemy-nowa-funk\/","title":{"rendered":"Je\u015bli po zako\u0144czeniu kadencji jako prodziekan dana osoba zostaje dziekanem, to czy t\u0119 zmian\u0119 wprowadzamy w tym samym wpisie?\u00a0Podajemy dat\u0119 ko\u0144cow\u0105 funkcji prodziekana i dodajemy now\u0105 funkcj\u0119 dziekana?"},"content":{"rendered":"<p>Tak, jest to prawid\u0142owy zapis.<\/p>\n","protected":false},"excerpt":{"rendered":"<p>Tak, jest to prawid\u0142owy zapis.<\/p>\n","protected":false},"author":33,"template":"","meta":{"footnotes":""},"class_list":["post-13006","lsvr_lore_faq","type-lsvr_lore_faq","status-publish","hentry","lsvr_lore_faq_cat-osoby-upowaznione","lsvr_lore_faq_tag-dziekan","lsvr_lore_faq_tag-kadencja","lsvr_lore_faq_tag-koniec-kadencji","lsvr_lore_faq_tag-okres-kadencji-osoby-upowaznionej","lsvr_lore_faq_tag-osoby-upowaznione","lsvr_lore_faq_tag-osoby-upowaznione-do-podpisywania-dokumentow","lsvr_lore_faq_tag-rejestracja","post-item"],"categories":"Osoby upowa\u017cnione do podpisywania dokument\u00f3w","tags":"dziekan, kadencja, koniec kadencji, okres kadencji osoby upowa\u017cnionej, osoby upowa\u017cnione, osoby upowa\u017cnione do podpisywania dokument\u00f3w, rejestracja","date_content_updated":"","_links":{"self":[{"href":"https:\/\/polon.nauka.gov.pl\/pomoc\/wp-json\/wp\/v2\/lsvr_lore_faq\/13006","targetHints":{"allow":["GET"]}}],"collection":[{"href":"https:\/\/polon.nauka.gov.pl\/pomoc\/wp-json\/wp\/v2\/lsvr_lore_faq"}],"about":[{"href":"https:\/\/polon.nauka.gov.pl\/pomoc\/wp-json\/wp\/v2\/types\/lsvr_lore_faq"}],"author":[{"embeddable":true,"href":"https:\/\/polon.nauka.gov.pl\/pomoc\/wp-json\/wp\/v2\/users\/33"}],"version-history":[{"count":5,"href":"https:\/\/polon.nauka.gov.pl\/pomoc\/wp-json\/wp\/v2\/lsvr_lore_faq\/13006\/revisions"}],"predecessor-version":[{"id":14819,"href":"https:\/\/polon.nauka.gov.pl\/pomoc\/wp-json\/wp\/v2\/lsvr_lore_faq\/13006\/revisions\/14819"}],"wp:attachment":[{"href":"https:\/\/polon.nauka.gov.pl\/pomoc\/wp-json\/wp\/v2\/media?parent=13006"}],"curies":[{"name":"wp","href":"https:\/\/api.w.org\/{rel}","templated":true}]}}

Jeśli po zakończeniu kadencji jako prodziekan dana osoba zostaje dziekanem, to czy tę zmianę wprowadzamy w tym samym wpisie? Podajemy datę końcową funkcji prodziekana i dodajemy nową funkcję dziekana?

<p>Tak, jest to prawidłowy zapis.</p>

Osoby upoważnione do podpisywania dokumentów

dziekan, kadencja, koniec kadencji, okres kadencji osoby upoważnionej, osoby upoważnione, osoby upoważnione do podpisywania dokumentów, rejestracja
