{"id":10475,"date":"2021-02-23T12:37:48","date_gmt":"2021-02-23T11:37:48","guid":{"rendered":"https:\/\/polon.nauka.gov.pl\/pomoc\/?post_type=lsvr_lore_faq&#038;p=10475"},"modified":"2021-02-23T12:37:48","modified_gmt":"2021-02-23T11:37:48","slug":"czy-patent-lub-odmiana-bedzie-zaliczona-w-procesie-ewaluacji-jesli-jej-tworca-nie-jest-juz-pracownikiem-i-nie-moze-zlozyc-oswiadczenia-nie-zyje","status":"publish","type":"lsvr_lore_faq","link":"https:\/\/polon.nauka.gov.pl\/pomoc\/faq\/czy-patent-lub-odmiana-bedzie-zaliczona-w-procesie-ewaluacji-jesli-jej-tworca-nie-jest-juz-pracownikiem-i-nie-moze-zlozyc-oswiadczenia-nie-zyje\/","title":{"rendered":"Czy patent lub  odmiana b\u0119dzie zaliczona w procesie ewaluacji, je\u015bli jej tw\u00f3rca nie jest ju\u017c pracownikiem i nie mo\u017ce z\u0142o\u017cy\u0107 o\u015bwiadczenia (nie \u017cyje)?"},"content":{"rendered":"<p>Zgodnie z zapisami Rozporz\u0105dzenia w sprawie ewaluacji jako\u015bci dzia\u0142alno\u015bci naukowej \u201c\u00a7 11. 1. W<br \/>\newaluacji uwzgl\u0119dnia si\u0119 osi\u0105gni\u0119cia naukowe, o kt\u00f3rych mowa w \u00a7 8, os\u00f3b, <strong>kt\u00f3re z\u0142o\u017cy\u0142y o\u015bwiadczenie<\/strong>, o kt\u00f3rym mowa w art. 265 ust. 13 ustawy\u2026&#8221;<\/p>\n","protected":false},"excerpt":{"rendered":"<p>Zgodnie z zapisami Rozporz\u0105dzenia w sprawie ewaluacji jako\u015bci dzia\u0142alno\u015bci naukowej \u201c\u00a7 11. 1. W ewaluacji uwzgl\u0119dnia si\u0119 osi\u0105gni\u0119cia naukowe, o kt\u00f3rych mowa w \u00a7 8, os\u00f3b, kt\u00f3re z\u0142o\u017cy\u0142y o\u015bwiadczenie, o kt\u00f3rym mowa w art. 265 ust. 13 ustawy\u2026&#8221;<\/p>\n","protected":false},"author":33,"template":"","meta":{"footnotes":""},"class_list":["post-10475","lsvr_lore_faq","type-lsvr_lore_faq","status-publish","hentry","lsvr_lore_faq_cat-patenty","lsvr_lore_faq_tag-ewaluacja","lsvr_lore_faq_tag-oswiadczenie","lsvr_lore_faq_tag-oswiadczenie-upowazniajace","lsvr_lore_faq_tag-patent","lsvr_lore_faq_tag-prawo-ochronne","lsvr_lore_faq_tag-wylaczne-prawo-do-odmiany-rosliny","post-item"],"categories":"Patenty i prawa ochronne","tags":"ewaluacja, o\u015bwiadczenie, o\u015bwiadczenie upowa\u017cniaj\u0105ce, patent, prawo ochronne, wy\u0142\u0105czne prawo do odmiany ro\u015bliny","date_content_updated":"","_links":{"self":[{"href":"https:\/\/polon.nauka.gov.pl\/pomoc\/wp-json\/wp\/v2\/lsvr_lore_faq\/10475","targetHints":{"allow":["GET"]}}],"collection":[{"href":"https:\/\/polon.nauka.gov.pl\/pomoc\/wp-json\/wp\/v2\/lsvr_lore_faq"}],"about":[{"href":"https:\/\/polon.nauka.gov.pl\/pomoc\/wp-json\/wp\/v2\/types\/lsvr_lore_faq"}],"author":[{"embeddable":true,"href":"https:\/\/polon.nauka.gov.pl\/pomoc\/wp-json\/wp\/v2\/users\/33"}],"version-history":[{"count":1,"href":"https:\/\/polon.nauka.gov.pl\/pomoc\/wp-json\/wp\/v2\/lsvr_lore_faq\/10475\/revisions"}],"predecessor-version":[{"id":10476,"href":"https:\/\/polon.nauka.gov.pl\/pomoc\/wp-json\/wp\/v2\/lsvr_lore_faq\/10475\/revisions\/10476"}],"wp:attachment":[{"href":"https:\/\/polon.nauka.gov.pl\/pomoc\/wp-json\/wp\/v2\/media?parent=10475"}],"curies":[{"name":"wp","href":"https:\/\/api.w.org\/{rel}","templated":true}]}}

Czy patent lub  odmiana będzie zaliczona w procesie ewaluacji, jeśli jej twórca nie jest już pracownikiem i nie może złożyć oświadczenia (nie żyje)?

<p>Zgodnie z zapisami Rozporządzenia w sprawie ewaluacji jakości działalności naukowej “§ 11. 1. W<br />
ewaluacji uwzględnia się osiągnięcia naukowe, o których mowa w § 8, osób, <strong>które złożyły oświadczenie</strong>, o którym mowa w art. 265 ust. 13 ustawy…&#8221;</p>

<p>Zgodnie z zapisami Rozporządzenia w sprawie ewaluacji jakości działalności naukowej “§ 11. 1. W ewaluacji uwzględnia się osiągnięcia naukowe, o których mowa w § 8, osób, które złożyły oświadczenie, o którym mowa w art. 265 ust. 13 ustawy…&#8221;</p>

ewaluacja, oświadczenie, oświadczenie upoważniające, patent, prawo ochronne, wyłączne prawo do odmiany rośliny
