{"id":10415,"date":"2021-02-22T12:29:30","date_gmt":"2021-02-22T11:29:30","guid":{"rendered":"https:\/\/polon.nauka.gov.pl\/pomoc\/?post_type=lsvr_lore_faq&#038;p=10415"},"modified":"2024-01-24T12:12:47","modified_gmt":"2024-01-24T11:12:47","slug":"czy-zasilki-opiekuncze-nalezy-wliczac-do-sumy-dni-nieobecnosci-wykazywanych-w-module-pracownicy","status":"publish","type":"lsvr_lore_faq","link":"https:\/\/polon.nauka.gov.pl\/pomoc\/faq\/czy-zasilki-opiekuncze-nalezy-wliczac-do-sumy-dni-nieobecnosci-wykazywanych-w-module-pracownicy\/","title":{"rendered":"Czy zasi\u0142ki opieku\u0144cze nale\u017cy wlicza\u0107 do sumy dni nieobecno\u015bci wykazywanych w module Pracownicy?"},"content":{"rendered":"<p>Zgodnie z aktualnym stanowiskiem ministerstwa, zasi\u0142k\u00f3w opieku\u0144czych nie nale\u017cy wlicza\u0107 do tej liczby. Zgodnie z <span style=\"color: #333333;\">\u00a7 2 ust. 5 pkt 4 rozporz\u0105dzenia ws. POL-on, <\/span>pole to s\u0142u\u017cy jedynie do wprowadzania informacji o nieobecno\u015bci z tytu\u0142u:<\/p>\n<p>1) urlopu bezp\u0142atnego,<br \/>\n2) urlopu dla poratowania zdrowia,<br \/>\n3) kt\u00f3regokolwiek z\u00a0urlop\u00f3w zwi\u0105zanych z\u00a0rodzicielstwem, okre\u015blonych w\u00a0przepisach ustawy z\u00a0dnia 26 czerwca 1974 r. \u2013 Kodeks pracy (Dz.\u00a0U. z\u00a02018 r. poz. 917, z\u00a0p\u00f3\u017an. zm.2)),<br \/>\n4) zasi\u0142ku chorobowego lub pobierania \u015bwiadczenie rehabilitacyjnego, zgodnie z przepisami ustawy z dnia 25 czerwca 1999 r. o \u015bwiadczeniach pieni\u0119\u017cnych z ubezpieczenia spo\u0142ecznego w razie choroby i macierzy\u0144stwa (Dz. U. z 2017 r. poz. 1368, z p\u00f3\u017an. zm.).<\/p>\n<p>Je\u015bli chodzi o zasi\u0142ki \u2013 to przepis nie zawiera sformu\u0142owania \u201ekt\u00f3rykolwiek\u201d, tylko s\u0105 wyra\u017anie wymienione dwa \u2013 chorobowy i \u015bwiadczenie rehabilitacyjne. Nie mo\u017cna wi\u0119c poszerza\u0107 zakresu przedmiotowego przepisu. Mo\u017cna jedynie uzna\u0107 analogiczne \u015bwiadczenia do dw\u00f3ch ww., kt\u00f3re pobieraj\u0105 pracownicy s\u0142u\u017cb mundurowych, niepodlegaj\u0105cy ustawie z dnia 25 czerwca 1999 r. o \u015bwiadczeniach pieni\u0119\u017cnych z ubezpieczenia spo\u0142ecznego w razie choroby i macierzy\u0144stwa.<\/p>\n","protected":false},"excerpt":{"rendered":"<p>Zgodnie z aktualnym stanowiskiem ministerstwa, zasi\u0142k\u00f3w opieku\u0144czych nie nale\u017cy wlicza\u0107 do tej liczby. Zgodnie z \u00a7 2 ust. 5 pkt 4 rozporz\u0105dzenia ws. POL-on, pole to s\u0142u\u017cy jedynie do wprowadzania informacji o nieobecno\u015bci z tytu\u0142u: 1) urlopu bezp\u0142atnego, 2) urlopu dla poratowania zdrowia, 3) kt\u00f3regokolwiek z\u00a0urlop\u00f3w zwi\u0105zanych z\u00a0rodzicielstwem, okre\u015blonych w\u00a0przepisach ustawy z\u00a0dnia 26 czerwca 1974 [&hellip;]<\/p>\n","protected":false},"author":45,"template":"","meta":{"footnotes":""},"class_list":["post-10415","lsvr_lore_faq","type-lsvr_lore_faq","status-publish","hentry","lsvr_lore_faq_cat-pracownicy-nieobecnosci","lsvr_lore_faq_tag-nieobecnosci","lsvr_lore_faq_tag-pracownicy","lsvr_lore_faq_tag-zasilek","lsvr_lore_faq_tag-zasilek-opiekunczy","post-item"],"categories":"Pracownicy - nieobecno\u015bci","tags":"nieobecno\u015bci, pracownicy, zasi\u0142ek, zasi\u0142ek opieku\u0144czy","date_content_updated":"","_links":{"self":[{"href":"https:\/\/polon.nauka.gov.pl\/pomoc\/wp-json\/wp\/v2\/lsvr_lore_faq\/10415","targetHints":{"allow":["GET"]}}],"collection":[{"href":"https:\/\/polon.nauka.gov.pl\/pomoc\/wp-json\/wp\/v2\/lsvr_lore_faq"}],"about":[{"href":"https:\/\/polon.nauka.gov.pl\/pomoc\/wp-json\/wp\/v2\/types\/lsvr_lore_faq"}],"author":[{"embeddable":true,"href":"https:\/\/polon.nauka.gov.pl\/pomoc\/wp-json\/wp\/v2\/users\/45"}],"version-history":[{"count":2,"href":"https:\/\/polon.nauka.gov.pl\/pomoc\/wp-json\/wp\/v2\/lsvr_lore_faq\/10415\/revisions"}],"predecessor-version":[{"id":17686,"href":"https:\/\/polon.nauka.gov.pl\/pomoc\/wp-json\/wp\/v2\/lsvr_lore_faq\/10415\/revisions\/17686"}],"wp:attachment":[{"href":"https:\/\/polon.nauka.gov.pl\/pomoc\/wp-json\/wp\/v2\/media?parent=10415"}],"curies":[{"name":"wp","href":"https:\/\/api.w.org\/{rel}","templated":true}]}}

Czy zasiłki opiekuńcze należy wliczać do sumy dni nieobecności wykazywanych w module Pracownicy?

<p>Zgodnie z aktualnym stanowiskiem ministerstwa, zasiłków opiekuńczych nie należy wliczać do tej liczby. Zgodnie z <span style="color: #333333;">§ 2 ust. 5 pkt 4 rozporządzenia ws. POL-on, </span>pole to służy jedynie do wprowadzania informacji o nieobecności z tytułu:</p>
<p>1) urlopu bezpłatnego,<br />
2) urlopu dla poratowania zdrowia,<br />
3) któregokolwiek z urlopów związanych z rodzicielstwem, określonych w przepisach ustawy z dnia 26 czerwca 1974 r. – Kodeks pracy (Dz. U. z 2018 r. poz. 917, z późn. zm.2)),<br />
4) zasiłku chorobowego lub pobierania świadczenie rehabilitacyjnego, zgodnie z przepisami ustawy z dnia 25 czerwca 1999 r. o świadczeniach pieniężnych z ubezpieczenia społecznego w razie choroby i macierzyństwa (Dz. U. z 2017 r. poz. 1368, z późn. zm.).</p>
<p>Jeśli chodzi o zasiłki – to przepis nie zawiera sformułowania „którykolwiek”, tylko są wyraźnie wymienione dwa – chorobowy i świadczenie rehabilitacyjne. Nie można więc poszerzać zakresu przedmiotowego przepisu. Można jedynie uznać analogiczne świadczenia do dwóch ww., które pobierają pracownicy służb mundurowych, niepodlegający ustawie z dnia 25 czerwca 1999 r. o świadczeniach pieniężnych z ubezpieczenia społecznego w razie choroby i macierzyństwa.</p>

<p>Zgodnie z aktualnym stanowiskiem ministerstwa, zasiłków opiekuńczych nie należy wliczać do tej liczby. Zgodnie z § 2 ust. 5 pkt 4 rozporządzenia ws. POL-on, pole to służy jedynie do wprowadzania informacji o nieobecności z tytułu: 1) urlopu bezpłatnego, 2) urlopu dla poratowania zdrowia, 3) któregokolwiek z urlopów związanych z rodzicielstwem, określonych w przepisach ustawy z dnia 26 czerwca 1974 [&hellip;]</p>

Pracownicy - nieobecności

nieobecności, pracownicy, zasiłek, zasiłek opiekuńczy
